{"id":9911,"date":"2024-01-26T01:07:51","date_gmt":"2024-01-26T00:07:51","guid":{"rendered":"https:\/\/paidoskids.com\/?page_id=9911"},"modified":"2024-07-23T20:16:34","modified_gmt":"2024-07-23T18:16:34","slug":"club-paidos-online","status":"publish","type":"page","link":"https:\/\/paidoskids.com\/index.php\/club-paidos-online\/","title":{"rendered":"Club Paid\u00f3s Online"},"content":{"rendered":"<style>\/*! elementor - v3.23.0 - 15-07-2024 *\/\n.elementor-heading-title{padding:0;margin:0;line-height:1}.elementor-widget-heading .elementor-heading-title[class*=elementor-size-]>a{color:inherit;font-size:inherit;line-height:inherit}.elementor-widget-heading .elementor-heading-title.elementor-size-small{font-size:15px}.elementor-widget-heading .elementor-heading-title.elementor-size-medium{font-size:19px}.elementor-widget-heading .elementor-heading-title.elementor-size-large{font-size:29px}.elementor-widget-heading .elementor-heading-title.elementor-size-xl{font-size:39px}.elementor-widget-heading .elementor-heading-title.elementor-size-xxl{font-size:59px}<\/style>\n<h2>\u00a1Bienvenido al Club Paid\u00f3s Online, donde los beneficios son ilimitados!<\/h2>\n<p>\u00bfTe encanta ahorrar mientras disfrutas de productos exclusivos? \u00a1Entonces est\u00e1s en el lugar correcto! \u00danete a nuestro Club Paid\u00f3s y experimenta una avalancha de ventajas exclusivas que har\u00e1n que tus compras sean m\u00e1s emocionantes que nunca.<\/p>\n<h2>\u00bfQu\u00e9 obtendr\u00e1s al unirte al Club Paid\u00f3s Online?<\/h2>\n<h3>Cupones de Descuento Peri\u00f3dicos: <\/h3>\n<style>\/*! elementor - v3.23.0 - 15-07-2024 *\/\n.elementor-widget-image{text-align:center}.elementor-widget-image a{display:inline-block}.elementor-widget-image a img[src$=\".svg\"]{width:48px}.elementor-widget-image img{vertical-align:middle;display:inline-block}<\/style>\n<p>\t\t\t\t\t\t\t\t\t\t<img loading=\"lazy\" decoding=\"async\" width=\"150\" height=\"150\" src=\"https:\/\/paidoskids.com\/wp-content\/uploads\/2024\/01\/ClubPaidos-150x150.jpeg\" alt=\"\" srcset=\"https:\/\/paidoskids.com\/wp-content\/uploads\/2024\/01\/ClubPaidos-150x150.jpeg 150w, https:\/\/paidoskids.com\/wp-content\/uploads\/2024\/01\/ClubPaidos-300x300.jpeg 300w, https:\/\/paidoskids.com\/wp-content\/uploads\/2024\/01\/ClubPaidos.jpeg 500w\" sizes=\"auto, (max-width: 150px) 100vw, 150px\" \/>\t\t\t\t\t\t\t\t\t\t\t\t\t<\/p>\n<p>Recibe descuentos especiales directamente en tu bandeja de entrada. Nuestros miembros disfrutan de ofertas exclusivas para hacer que cada compra sea a\u00fan m\u00e1s ventajosa.<\/p>\n<h3>Ofertas y Promociones Exclusivas:<\/h3>\n<p>Accede a promociones que solo los miembros del Club Paid\u00f3s disfrutan. Desde productos exclusivos hasta promociones limitadas, te aseguramos que no querr\u00e1s perderte ninguna de estas oportunidades \u00fanicas.<\/p>\n<h3>Acceso Prioritario a Grandes Descuentos y Rebajas:<\/h3>\n<p>\t\t\t\t\t\t\t\t\t\t\t\t\t<img loading=\"lazy\" decoding=\"async\" width=\"150\" height=\"150\" src=\"https:\/\/paidoskids.com\/wp-content\/uploads\/2024\/01\/Marcas-PaidosKids-150x150.jpg\" alt=\"\" srcset=\"https:\/\/paidoskids.com\/wp-content\/uploads\/2024\/01\/Marcas-PaidosKids-150x150.jpg 150w, https:\/\/paidoskids.com\/wp-content\/uploads\/2024\/01\/Marcas-PaidosKids-300x300.jpg 300w, https:\/\/paidoskids.com\/wp-content\/uploads\/2024\/01\/Marcas-PaidosKids-600x600.jpg 600w, https:\/\/paidoskids.com\/wp-content\/uploads\/2024\/01\/Marcas-PaidosKids-1024x1024.jpg 1024w, https:\/\/paidoskids.com\/wp-content\/uploads\/2024\/01\/Marcas-PaidosKids-768x768.jpg 768w, https:\/\/paidoskids.com\/wp-content\/uploads\/2024\/01\/Marcas-PaidosKids.jpg 1080w\" sizes=\"auto, (max-width: 150px) 100vw, 150px\" \/>\t\t\t\t\t\t\t\t\t\t\t\t\t<\/p>\n<p>S\u00e9 el primero en beneficiarte de nuestras rebajas y descuentos masivos. Los miembros del Club Paid\u00f3s son los primeros en enterarse y aprovechar estas oportunidades, garantizando que siempre obtendr\u00e1s lo mejor al mejor precio.<\/p>\n<h3>\u00a1Y eso no es todo!<\/h3>\n<h2>Suscr\u00edbete ahora y obt\u00e9n un cup\u00f3n de 15 \u20ac para tu siguiente compra.<\/h2>\n<p>\t\t\t\t\t\t\t\t\t\t\t\t\t<img loading=\"lazy\" decoding=\"async\" width=\"150\" height=\"150\" src=\"https:\/\/paidoskids.com\/wp-content\/uploads\/2024\/01\/BienvenidaClubPaidos-1-150x150.jpeg\" alt=\"\" srcset=\"https:\/\/paidoskids.com\/wp-content\/uploads\/2024\/01\/BienvenidaClubPaidos-1-150x150.jpeg 150w, https:\/\/paidoskids.com\/wp-content\/uploads\/2024\/01\/BienvenidaClubPaidos-1-300x300.jpeg 300w, https:\/\/paidoskids.com\/wp-content\/uploads\/2024\/01\/BienvenidaClubPaidos-1-600x600.jpeg 600w, https:\/\/paidoskids.com\/wp-content\/uploads\/2024\/01\/BienvenidaClubPaidos-1-1024x1024.jpeg 1024w, https:\/\/paidoskids.com\/wp-content\/uploads\/2024\/01\/BienvenidaClubPaidos-1-768x768.jpeg 768w, https:\/\/paidoskids.com\/wp-content\/uploads\/2024\/01\/BienvenidaClubPaidos-1.jpeg 1080w\" sizes=\"auto, (max-width: 150px) 100vw, 150px\" \/>\t\t\t\t\t\t\t\t\t\t\t\t\t<\/p>\n<p>Al unirte a nuestra lista de correos electr\u00f3nicos hoy, recibir\u00e1s autom\u00e1ticamente un cup\u00f3n de 15 \u20ac* para gastar en nuestra tienda online. S\u00ed, \u00a1has le\u00eddo bien! Un regalo de bienvenida para que comiences a disfrutar de las ventajas del Club Paid\u00f3s desde el primer momento (Cup\u00f3n sujeto a compra m\u00ednima de 50 \u20ac).<\/p>\n<h2>GRATIS.<\/h2>\n<p>Unirse al Club Paid\u00f3s Online es completamente gratuito y lleno de beneficios exclusivos. \u00a1No dejes pasar esta oportunidad \u00fanica de hacer que tus compras sean a\u00fan m\u00e1s emocionantes y ventajosas!<\/p>\n<h2>D\u00e9janos tu direcci\u00f3n de e-mail.<\/h2>\n<p>\u00bfListo para unirte al exclusivo Club Paid\u00f3s Online? Simplemente ingresa tu direcci\u00f3n de correo electr\u00f3nico a continuaci\u00f3n y comienza a disfrutar de todas las ventajas que hemos preparado especialmente para ti. \u00a1Te esperamos en el lado brillante de las compras en l\u00ednea!<\/p>\n<p>\t\t\t<!-- Begin Brevo Form --><br \/>\n<!-- START - We recommend to place the below code in head tag of your website html  --><\/p>\n<style>\n  @font-face {\n    font-display: block;\n    font-family: Roboto;\n    src: url(https:\/\/assets.brevo.com\/font\/Roboto\/Latin\/normal\/normal\/7529907e9eaf8ebb5220c5f9850e3811.woff2) format(\"woff2\"), url(https:\/\/assets.brevo.com\/font\/Roboto\/Latin\/normal\/normal\/25c678feafdc175a70922a116c9be3e7.woff) format(\"woff\")\n  }\n  @font-face {\n    font-display: fallback;\n    font-family: Roboto;\n    font-weight: 600;\n    src: url(https:\/\/assets.brevo.com\/font\/Roboto\/Latin\/medium\/normal\/6e9caeeafb1f3491be3e32744bc30440.woff2) format(\"woff2\"), url(https:\/\/assets.brevo.com\/font\/Roboto\/Latin\/medium\/normal\/71501f0d8d5aa95960f6475d5487d4c2.woff) format(\"woff\")\n  }\n  @font-face {\n    font-display: fallback;\n    font-family: Roboto;\n    font-weight: 700;\n    src: url(https:\/\/assets.brevo.com\/font\/Roboto\/Latin\/bold\/normal\/3ef7cf158f310cf752d5ad08cd0e7e60.woff2) format(\"woff2\"), url(https:\/\/assets.brevo.com\/font\/Roboto\/Latin\/bold\/normal\/ece3a1d82f18b60bcce0211725c476aa.woff) format(\"woff\")\n  }\n  #sib-container input:-ms-input-placeholder {\n    text-align: left;\n    font-family: \"Helvetica\", sans-serif;\n    color: #c0ccda;\n  }\n  #sib-container input::placeholder {\n    text-align: left;\n    font-family: \"Helvetica\", sans-serif;\n    color: #c0ccda;\n  }\n  #sib-container textarea::placeholder {\n    text-align: left;\n    font-family: \"Helvetica\", sans-serif;\n    color: #c0ccda;\n  }\n  #sib-container a {\n    text-decoration: underline;\n    color: #2BB2FC;\n  }\n<\/style>\n<link rel=\"stylesheet\" href=\"https:\/\/sibforms.com\/forms\/end-form\/build\/sib-styles.css\">\n<!--  END - We recommend to place the above code in head tag of your website html --><br \/>\n<!-- START - We recommend to place the below code where you want the form in your website html  --><br \/>\n        <svg viewBox=\"0 0 512 512\">\n          <path d=\"M256 40c118.621 0 216 96.075 216 216 0 119.291-96.61 216-216 216-119.244 0-216-96.562-216-216 0-119.203 96.602-216 216-216m0-32C119.043 8 8 119.083 8 256c0 136.997 111.043 248 248 248s248-111.003 248-248C504 119.083 392.957 8 256 8zm-11.49 120h22.979c6.823 0 12.274 5.682 11.99 12.5l-7 168c-.268 6.428-5.556 11.5-11.99 11.5h-8.979c-6.433 0-11.722-5.073-11.99-11.5l-7-168c-.283-6.818 5.167-12.5 11.99-12.5zM256 340c-15.464 0-28 12.536-28 28s12.536 28 28 28 28-12.536 28-28-12.536-28-28-28z\" \/>\n        <\/svg><br \/>\n                          No hemos podido validar su suscripci\u00f3n.<br \/>\n        <svg viewBox=\"0 0 512 512\">\n          <path d=\"M256 8C119.033 8 8 119.033 8 256s111.033 248 248 248 248-111.033 248-248S392.967 8 256 8zm0 464c-118.664 0-216-96.055-216-216 0-118.663 96.055-216 216-216 118.664 0 216 96.055 216 216 0 118.663-96.055 216-216 216zm141.63-274.961L217.15 376.071c-4.705 4.667-12.303 4.637-16.97-.068l-85.878-86.572c-4.667-4.705-4.637-12.303.068-16.97l8.52-8.451c4.705-4.667 12.303-4.637 16.97.068l68.976 69.533 163.441-162.13c4.705-4.667 12.303-4.637 16.97.068l8.451 8.52c4.668 4.705 4.637 12.303-.068 16.97z\" \/>\n        <\/svg><br \/>\n                          Se ha realizado su suscripci\u00f3n.<\/p>\n<form id=\"sib-form\" method=\"POST\" action=\"https:\/\/415b5d63.sibforms.com\/serve\/MUIFAKQ1k7L2BgcL8Dg77lm5_zc53ow-0Ov2PPNjcNtEw67Kvou7feTw65j9cQmJFWbJXXLXj5dD0SsBTWpkXhn0qx8G1OSGzRotEGx9yeUHYGO3I75ac_IKceJgO4Cc5AB8EzPgxKtWRGUwG2FLpm1QwQkkhklebrcMDyFpqIrkuTnzKNwzvsEdQVlP6JhfiFOMNFtTthsZ9Lmh\" data-type=\"subscription\">\n<p>Newsletter<\/p>\n<p>Suscr\u00edbase a nuestra newsletter para recibir nuestras novedades.<\/p>\n<p>                <label style=\"font-weight: 700; text-align:left; font-size:16px; text-align:left; font-weight:700; font-family:&quot;Helvetica&quot;, sans-serif; color:#3c4858;\" for=\"EMAIL\" data-required=\"*\">Introduzca su direcci\u00f3n de e-mail para suscribirse<\/label><br \/>\n                  <input type=\"text\" id=\"EMAIL\" name=\"EMAIL\" autocomplete=\"off\" placeholder=\"EMAIL\" data-required=\"true\" required \/><br \/>\n              <label style=\"font-size:16px; text-align:left; font-family:&quot;Helvetica&quot;, sans-serif; color:#661d1d; background-color:#ffeded; border-radius:3px; border-color:#ff4949;\"><br \/>\n              <\/label><br \/>\n              <label style=\"font-size:12px; text-align:left; font-family:&quot;Helvetica&quot;, sans-serif; color:#8390A4; text-align:left\"><br \/>\n                Introduzca su direcci\u00f3n de e-mail para suscribirse. Ej.: abc@xyz.com<br \/>\n              <\/label><br \/>\n                  <label><br \/>\n                    <input type=\"checkbox\" value=\"1\" id=\"OPT_IN\" name=\"OPT_IN\" \/><\/p>\n<p>Acepto las condiciones y recibir sus newsletters.<\/p>\n<p> <\/label><br \/>\n              <label style=\"font-size:16px; text-align:left; font-family:&quot;Helvetica&quot;, sans-serif; color:#661d1d; background-color:#ffeded; border-radius:3px; border-color:#ff4949;\"><br \/>\n              <\/label><br \/>\n              <label style=\"font-size:12px; text-align:left; font-family:&quot;Helvetica&quot;, sans-serif; color:#8390A4; text-align:left\"><br \/>\n                Puede cancelar su suscripci\u00f3n cuando quiera mediante el enlace de nuestra newsletter.<br \/>\n              <\/label><br \/>\n              <svg width=\"0\" height=\"0\" version=\"1.1\" xmlns=\"http:\/\/www.w3.org\/2000\/svg\">\n                <defs>\n                  <symbol id=\"svgIcon-sphere\" viewBox=\"0 0 63 63\">\n                    <path d=\"M31.54 0l1.05 3.06 3.385-.01-2.735 1.897 1.05 3.042-2.748-1.886-2.738 1.886 1.044-3.05-2.745-1.897h3.393zm13.97 3.019L46.555 6.4l3.384.01-2.743 2.101 1.048 3.387-2.752-2.1-2.752 2.1 1.054-3.382-2.745-2.105h3.385zm9.998 10.056l1.039 3.382h3.38l-2.751 2.1 1.05 3.382-2.744-2.091-2.743 2.091 1.054-3.381-2.754-2.1h3.385zM58.58 27.1l1.04 3.372h3.379l-2.752 2.096 1.05 3.387-2.744-2.091-2.75 2.092 1.054-3.387-2.747-2.097h3.376zm-3.076 14.02l1.044 3.364h3.385l-2.743 2.09 1.05 3.392-2.744-2.097-2.743 2.097 1.052-3.377-2.752-2.117 3.385-.01zm-9.985 9.91l1.045 3.364h3.393l-2.752 2.09 1.05 3.393-2.745-2.097-2.743 2.097 1.05-3.383-2.751-2.1 3.384-.01zM31.45 55.01l1.044 3.043 3.393-.008-2.752 1.9L34.19 63l-2.744-1.895-2.748 1.891 1.054-3.05-2.743-1.9h3.384zm-13.934-3.98l1.036 3.364h3.402l-2.752 2.09 1.053 3.393-2.747-2.097-2.752 2.097 1.053-3.382-2.743-2.1 3.384-.01zm-9.981-9.91l1.045 3.364h3.398l-2.748 2.09 1.05 3.392-2.753-2.1-2.752 2.096 1.053-3.382-2.743-2.102 3.384-.009zM4.466 27.1l1.038 3.372H8.88l-2.752 2.097 1.053 3.387-2.743-2.09-2.748 2.09 1.053-3.387L0 30.472h3.385zm3.069-14.025l1.045 3.382h3.395L9.23 18.56l1.05 3.381-2.752-2.09-2.752 2.09 1.053-3.381-2.744-2.1h3.384zm9.99-10.056L18.57 6.4l3.393.01-2.743 2.1 1.05 3.373-2.754-2.092-2.751 2.092 1.053-3.382-2.744-2.1h3.384zm24.938 19.394l-10-4.22a2.48 2.48 0 00-1.921 0l-10 4.22A2.529 2.529 0 0019 24.75c0 10.47 5.964 17.705 11.537 20.057a2.48 2.48 0 001.921 0C36.921 42.924 44 36.421 44 24.75a2.532 2.532 0 00-1.537-2.336zm-2.46 6.023l-9.583 9.705a.83.83 0 01-1.177 0l-5.416-5.485a.855.855 0 010-1.192l1.177-1.192a.83.83 0 011.177 0l3.65 3.697 7.819-7.916a.83.83 0 011.177 0l1.177 1.191a.843.843 0 010 1.192z\" fill=\"#0092FF\"><\/path>\n                  <\/symbol>\n                <\/defs>\n              <\/svg><br \/>\n              <svg style=\"width:63px; height:63px;\">\n                <use xlink:href=\"#svgIcon-sphere\"><\/use>\n              <\/svg><\/p>\n<p>Usamos Brevo como plataforma de marketing. Al enviar este formulario, aceptas que los datos personales que proporcionaste se transferir\u00e1n a Brevo para su procesamiento, de acuerdo con <a href=\"https:\/\/www.brevo.com\/es\/legal\/privacypolicy\/\" target=\"_blank\" rel=\"noopener\">la Pol\u00edtica de privacidad de Brevo.<\/a><\/p>\n<p>              <label style=\"font-size:16px; text-align:left; font-family:&quot;Helvetica&quot;, sans-serif; color:#661d1d; background-color:#ffeded; border-radius:3px; border-color:#ff4949;\"><br \/>\n              <\/label><br \/>\n            <button style=\"font-size:16px; text-align:left; font-weight:700; font-family:&quot;Helvetica&quot;, sans-serif; color:#FFFFFF; background-color:#3E4857; border-radius:3px; border-width:0px;\" form=\"sib-form\" type=\"submit\"><br \/>\n              <svg viewBox=\"0 0 512 512\">\n                <path d=\"M460.116 373.846l-20.823-12.022c-5.541-3.199-7.54-10.159-4.663-15.874 30.137-59.886 28.343-131.652-5.386-189.946-33.641-58.394-94.896-95.833-161.827-99.676C261.028 55.961 256 50.751 256 44.352V20.309c0-6.904 5.808-12.337 12.703-11.982 83.556 4.306 160.163 50.864 202.11 123.677 42.063 72.696 44.079 162.316 6.031 236.832-3.14 6.148-10.75 8.461-16.728 5.01z\" \/>\n              <\/svg><br \/>\n              SUSCRIBIRSE<br \/>\n            <\/button><br \/>\n        <input type=\"text\" name=\"email_address_check\" value=\"\"><br \/>\n        <input type=\"hidden\" name=\"locale\" value=\"es\"><br \/>\n      <\/form>\n<p><!-- END - We recommend to place the above code where you want the form in your website html  --><br \/>\n<!-- START - We recommend to place the below code in footer or bottom of your website html  --><br \/>\n<!-- END - We recommend to place the above code in footer or bottom of your website html  --><br \/>\n<!-- End Brevo Form --><\/p>\n","protected":false},"excerpt":{"rendered":"<p>\u00a1Bienvenido al Club Paid\u00f3s Online, donde los beneficios son ilimitados! \u00bfTe encanta ahorrar mientras disfrutas de productos exclusivos? \u00a1Entonces est\u00e1s en el lugar correcto! \u00danete a nuestro Club Paid\u00f3s y experimenta una avalancha de ventajas exclusivas que har\u00e1n que tus compras sean m\u00e1s emocionantes que nunca. \u00bfQu\u00e9 obtendr\u00e1s al unirte al Club Paid\u00f3s Online? Cupones [&#8230;]\n","protected":false},"author":1,"featured_media":0,"parent":0,"menu_order":0,"comment_status":"closed","ping_status":"closed","template":"elementor_theme","meta":{"om_disable_all_campaigns":false,"_monsterinsights_skip_tracking":false,"_monsterinsights_sitenote_active":false,"_monsterinsights_sitenote_note":"","_monsterinsights_sitenote_category":0,"footnotes":""},"class_list":["post-9911","page","type-page","status-publish","hentry"],"aioseo_notices":[],"_links":{"self":[{"href":"https:\/\/paidoskids.com\/index.php\/wp-json\/wp\/v2\/pages\/9911","targetHints":{"allow":["GET"]}}],"collection":[{"href":"https:\/\/paidoskids.com\/index.php\/wp-json\/wp\/v2\/pages"}],"about":[{"href":"https:\/\/paidoskids.com\/index.php\/wp-json\/wp\/v2\/types\/page"}],"author":[{"embeddable":true,"href":"https:\/\/paidoskids.com\/index.php\/wp-json\/wp\/v2\/users\/1"}],"replies":[{"embeddable":true,"href":"https:\/\/paidoskids.com\/index.php\/wp-json\/wp\/v2\/comments?post=9911"}],"version-history":[{"count":12,"href":"https:\/\/paidoskids.com\/index.php\/wp-json\/wp\/v2\/pages\/9911\/revisions"}],"predecessor-version":[{"id":15282,"href":"https:\/\/paidoskids.com\/index.php\/wp-json\/wp\/v2\/pages\/9911\/revisions\/15282"}],"wp:attachment":[{"href":"https:\/\/paidoskids.com\/index.php\/wp-json\/wp\/v2\/media?parent=9911"}],"curies":[{"name":"wp","href":"https:\/\/api.w.org\/{rel}","templated":true}]}}