{"id":35894,"date":"2025-07-03T19:24:45","date_gmt":"2025-07-03T17:24:45","guid":{"rendered":"https:\/\/paidoskids.com\/?post_type=product&#038;p=35894"},"modified":"2026-04-15T17:45:55","modified_gmt":"2026-04-15T15:45:55","slug":"sudadera-gabby-infantil-nina","status":"publish","type":"product","link":"https:\/\/paidoskids.com\/index.php\/product\/sudadera-gabby-infantil-nina\/","title":{"rendered":"Sudadera Gabby Infantil Ni\u00d1a"},"content":{"rendered":"<h2>Sudadera Gabby Infantil Ni\u00f1a<\/h2>\n<pre><span class=\"Y2IQFc\" lang=\"es\">Tipo de producto: Sudadera\r\n- Cuello: Redondo\r\n- Manga: Manga larga\r\n- Pu\u00f1os: Acanalados\r\n- Detalles adicionales: Volantes, Insignia\r\n- Estampado: Estampado de goma para un tacto suave\r\n- Ajuste: Ajuste est\u00e1ndar\r\n\r\nComposici\u00f3n: 95 % algod\u00f3n, 5 % elastano\r\nGramaje: 220\r\nInformaci\u00f3n sobre el tejido: ALGOD\u00d3N PEINADO<\/span><\/pre>\n","protected":false},"excerpt":{"rendered":"<p>Sudadera Gabby Infantil Ni\u00f1a Tipo de producto: Sudadera &#8211; Cuello: Redondo &#8211; Manga: Manga larga &#8211; Pu\u00f1os: Acanalados &#8211; Detalles adicionales: Volantes, Insignia &#8211; Estampado: Estampado de goma para un tacto suave &#8211; Ajuste: Ajuste est\u00e1ndar Composici\u00f3n: 95 % algod\u00f3n, 5 % elastano Gramaje: 220 Informaci\u00f3n sobre el tejido: ALGOD\u00d3N PEINADO<\/p>\n","protected":false},"featured_media":36160,"template":"","meta":{"om_disable_all_campaigns":false,"_monsterinsights_skip_tracking":false,"_monsterinsights_sitenote_active":false,"_monsterinsights_sitenote_note":"","_monsterinsights_sitenote_category":0},"product_brand":[],"product_cat":[10584,10714,10850,10852],"product_tag":[],"class_list":{"0":"post-35894","1":"product","2":"type-product","3":"status-publish","4":"has-post-thumbnail","6":"product_cat-licencias","7":"product_cat-rebajas","8":"product_cat-rebajas-bebe-nina","9":"product_cat-rebajas-infantil-nina","10":"yith_product_brand-name-it","12":"first","13":"instock","14":"sale","15":"taxable","16":"shipping-taxable","17":"purchasable","18":"product-type-variable","19":"has-default-attributes"},"aioseo_notices":[],"_links":{"self":[{"href":"https:\/\/paidoskids.com\/index.php\/wp-json\/wp\/v2\/product\/35894","targetHints":{"allow":["GET"]}}],"collection":[{"href":"https:\/\/paidoskids.com\/index.php\/wp-json\/wp\/v2\/product"}],"about":[{"href":"https:\/\/paidoskids.com\/index.php\/wp-json\/wp\/v2\/types\/product"}],"wp:featuredmedia":[{"embeddable":true,"href":"https:\/\/paidoskids.com\/index.php\/wp-json\/wp\/v2\/media\/36160"}],"wp:attachment":[{"href":"https:\/\/paidoskids.com\/index.php\/wp-json\/wp\/v2\/media?parent=35894"}],"wp:term":[{"taxonomy":"product_brand","embeddable":true,"href":"https:\/\/paidoskids.com\/index.php\/wp-json\/wp\/v2\/product_brand?post=35894"},{"taxonomy":"product_cat","embeddable":true,"href":"https:\/\/paidoskids.com\/index.php\/wp-json\/wp\/v2\/product_cat?post=35894"},{"taxonomy":"product_tag","embeddable":true,"href":"https:\/\/paidoskids.com\/index.php\/wp-json\/wp\/v2\/product_tag?post=35894"}],"curies":[{"name":"wp","href":"https:\/\/api.w.org\/{rel}","templated":true}]}}