{"id":36460,"date":"2025-11-11T22:01:28","date_gmt":"2025-11-11T21:01:28","guid":{"rendered":"https:\/\/paidoskids.com\/?post_type=product&#038;p=36460"},"modified":"2026-04-28T20:55:59","modified_gmt":"2026-04-28T18:55:59","slug":"pantalon-bolsillo-cargo-jack-jones","status":"publish","type":"product","link":"https:\/\/paidoskids.com\/index.php\/product\/pantalon-bolsillo-cargo-jack-jones\/","title":{"rendered":"Pantalon Bolsillo Cargo Jack   Jones"},"content":{"rendered":"<p>Pantal\u00f3n Jack &amp; Jones con bolsillo cargo.<\/p>\n<p>68 % algod\u00f3n org\u00e1nico<\/p>\n<p>30 % algod\u00f3n reciclado<\/p>\n<p>2 % elastano<\/p>\n","protected":false},"excerpt":{"rendered":"<p>Pantal\u00f3n Jack &amp; Jones con bolsillo cargo. 68 % algod\u00f3n org\u00e1nico 30 % algod\u00f3n reciclado 2 % elastano<\/p>\n","protected":false},"featured_media":43104,"template":"","meta":{"om_disable_all_campaigns":false,"_monsterinsights_skip_tracking":false,"_monsterinsights_sitenote_active":false,"_monsterinsights_sitenote_note":"","_monsterinsights_sitenote_category":0},"product_brand":[],"product_cat":[10714,10853],"product_tag":[],"class_list":{"0":"post-36460","1":"product","2":"type-product","3":"status-publish","4":"has-post-thumbnail","6":"product_cat-rebajas","7":"product_cat-rebajas-chico","8":"yith_product_brand-jack-jones","10":"first","11":"instock","12":"taxable","13":"shipping-taxable","14":"purchasable","15":"product-type-variable","16":"has-default-attributes"},"aioseo_notices":[],"_links":{"self":[{"href":"https:\/\/paidoskids.com\/index.php\/wp-json\/wp\/v2\/product\/36460","targetHints":{"allow":["GET"]}}],"collection":[{"href":"https:\/\/paidoskids.com\/index.php\/wp-json\/wp\/v2\/product"}],"about":[{"href":"https:\/\/paidoskids.com\/index.php\/wp-json\/wp\/v2\/types\/product"}],"wp:featuredmedia":[{"embeddable":true,"href":"https:\/\/paidoskids.com\/index.php\/wp-json\/wp\/v2\/media\/43104"}],"wp:attachment":[{"href":"https:\/\/paidoskids.com\/index.php\/wp-json\/wp\/v2\/media?parent=36460"}],"wp:term":[{"taxonomy":"product_brand","embeddable":true,"href":"https:\/\/paidoskids.com\/index.php\/wp-json\/wp\/v2\/product_brand?post=36460"},{"taxonomy":"product_cat","embeddable":true,"href":"https:\/\/paidoskids.com\/index.php\/wp-json\/wp\/v2\/product_cat?post=36460"},{"taxonomy":"product_tag","embeddable":true,"href":"https:\/\/paidoskids.com\/index.php\/wp-json\/wp\/v2\/product_tag?post=36460"}],"curies":[{"name":"wp","href":"https:\/\/api.w.org\/{rel}","templated":true}]}}