{"id":38370,"date":"2025-11-21T19:30:36","date_gmt":"2025-11-21T18:30:36","guid":{"rendered":"https:\/\/paidoskids.com\/?post_type=product&#038;p=38370"},"modified":"2026-03-24T18:13:20","modified_gmt":"2026-03-24T17:13:20","slug":"conjunto-felpa-de-bebe-infantil-5","status":"publish","type":"product","link":"https:\/\/paidoskids.com\/index.php\/product\/conjunto-felpa-de-bebe-infantil-5\/","title":{"rendered":"Conjunto Felpa De Beb\u00c9 &#8211; Infantil"},"content":{"rendered":"<p>Conjunto de felpa fina de beb\u00e9 e infantil.<\/p>\n<p>La sudadera de las tallas 12 y 18 meses se puede abrir por el cuello para poder meterlo por la cabeza del beb\u00e9 m\u00e1s c\u00f3modamente. El resto de tallas llevan el cuello cerrado.<\/p>\n<p>Composici\u00f3n y lavado<\/p>\n<div class=\"product-composicion\">COMPOSICI\u00d3N:Jersey:100%algod\u00f3n Pantal\u00f3n:100%algod\u00f3n<\/p>\n<p>INSTRUCCIONES DE LAVADO:Lavar a m\u00e1quina, temperatura m\u00e1xima 30\u00ba C. No usar lej\u00eda. No se puede secar con secadora. Planchar a temperatura baja, m\u00e1ximo 110\u00ba C. No admite el lavado en seco.<\/p><\/div>\n","protected":false},"excerpt":{"rendered":"<p>Conjunto de felpa fina de beb\u00e9 e infantil. La sudadera de las tallas 12 y 18 meses se puede abrir por el cuello para poder meterlo por la cabeza del beb\u00e9 m\u00e1s c\u00f3modamente. El resto de tallas llevan el cuello cerrado. Composici\u00f3n y lavado COMPOSICI\u00d3N:Jersey:100%algod\u00f3n Pantal\u00f3n:100%algod\u00f3n INSTRUCCIONES DE LAVADO:Lavar a m\u00e1quina, temperatura m\u00e1xima 30\u00ba C. [&#8230;]\n","protected":false},"featured_media":39033,"template":"","meta":{"om_disable_all_campaigns":false,"_monsterinsights_skip_tracking":false,"_monsterinsights_sitenote_active":false,"_monsterinsights_sitenote_note":"","_monsterinsights_sitenote_category":0},"product_brand":[],"product_cat":[28,30,10879,10714,10850,10852],"product_tag":[],"class_list":{"0":"post-38370","1":"product","2":"type-product","3":"status-publish","4":"has-post-thumbnail","6":"product_cat-bebe-nina","7":"product_cat-infantil-nina","8":"product_cat-pv2026","9":"product_cat-rebajas","10":"product_cat-rebajas-bebe-nina","11":"product_cat-rebajas-infantil-nina","12":"yith_product_brand-boboli","14":"first","15":"instock","16":"sale","17":"taxable","18":"shipping-taxable","19":"purchasable","20":"product-type-variable","21":"has-default-attributes"},"aioseo_notices":[],"_links":{"self":[{"href":"https:\/\/paidoskids.com\/index.php\/wp-json\/wp\/v2\/product\/38370","targetHints":{"allow":["GET"]}}],"collection":[{"href":"https:\/\/paidoskids.com\/index.php\/wp-json\/wp\/v2\/product"}],"about":[{"href":"https:\/\/paidoskids.com\/index.php\/wp-json\/wp\/v2\/types\/product"}],"wp:featuredmedia":[{"embeddable":true,"href":"https:\/\/paidoskids.com\/index.php\/wp-json\/wp\/v2\/media\/39033"}],"wp:attachment":[{"href":"https:\/\/paidoskids.com\/index.php\/wp-json\/wp\/v2\/media?parent=38370"}],"wp:term":[{"taxonomy":"product_brand","embeddable":true,"href":"https:\/\/paidoskids.com\/index.php\/wp-json\/wp\/v2\/product_brand?post=38370"},{"taxonomy":"product_cat","embeddable":true,"href":"https:\/\/paidoskids.com\/index.php\/wp-json\/wp\/v2\/product_cat?post=38370"},{"taxonomy":"product_tag","embeddable":true,"href":"https:\/\/paidoskids.com\/index.php\/wp-json\/wp\/v2\/product_tag?post=38370"}],"curies":[{"name":"wp","href":"https:\/\/api.w.org\/{rel}","templated":true}]}}