{"id":40144,"date":"2026-01-23T00:01:01","date_gmt":"2026-01-22T23:01:01","guid":{"rendered":"https:\/\/paidoskids.com\/?post_type=product&#038;p=40144"},"modified":"2026-05-05T14:07:27","modified_gmt":"2026-05-05T12:07:27","slug":"camiseta-m-l-bluey","status":"publish","type":"product","link":"https:\/\/paidoskids.com\/index.php\/product\/camiseta-m-l-bluey\/","title":{"rendered":"Camiseta manga larga Bluey"},"content":{"rendered":"<p>Camiseta de manga larga. Cuello redondo. Estampado con motivo de Bluey.<\/p>\n<p><b>Composici\u00f3n<\/b>: 60% algod\u00f3n, 40% poli\u00e9ster<\/p>\n","protected":false},"excerpt":{"rendered":"<p>Camiseta de manga larga. Cuello redondo. Estampado con motivo de Bluey. Composici\u00f3n: 60% algod\u00f3n, 40% poli\u00e9ster<\/p>\n","protected":false},"featured_media":44160,"template":"","meta":{"om_disable_all_campaigns":false,"_monsterinsights_skip_tracking":false,"_monsterinsights_sitenote_active":false,"_monsterinsights_sitenote_note":"","_monsterinsights_sitenote_category":0},"product_brand":[],"product_cat":[10851],"product_tag":[],"class_list":{"0":"post-40144","1":"product","2":"type-product","3":"status-publish","4":"has-post-thumbnail","6":"product_cat-rebajas-infantil-nino","7":"yith_product_brand-sun-city","9":"first","10":"instock","11":"taxable","12":"shipping-taxable","13":"purchasable","14":"product-type-variable","15":"has-default-attributes"},"aioseo_notices":[],"_links":{"self":[{"href":"https:\/\/paidoskids.com\/index.php\/wp-json\/wp\/v2\/product\/40144","targetHints":{"allow":["GET"]}}],"collection":[{"href":"https:\/\/paidoskids.com\/index.php\/wp-json\/wp\/v2\/product"}],"about":[{"href":"https:\/\/paidoskids.com\/index.php\/wp-json\/wp\/v2\/types\/product"}],"wp:featuredmedia":[{"embeddable":true,"href":"https:\/\/paidoskids.com\/index.php\/wp-json\/wp\/v2\/media\/44160"}],"wp:attachment":[{"href":"https:\/\/paidoskids.com\/index.php\/wp-json\/wp\/v2\/media?parent=40144"}],"wp:term":[{"taxonomy":"product_brand","embeddable":true,"href":"https:\/\/paidoskids.com\/index.php\/wp-json\/wp\/v2\/product_brand?post=40144"},{"taxonomy":"product_cat","embeddable":true,"href":"https:\/\/paidoskids.com\/index.php\/wp-json\/wp\/v2\/product_cat?post=40144"},{"taxonomy":"product_tag","embeddable":true,"href":"https:\/\/paidoskids.com\/index.php\/wp-json\/wp\/v2\/product_tag?post=40144"}],"curies":[{"name":"wp","href":"https:\/\/api.w.org\/{rel}","templated":true}]}}