{"id":44433,"date":"2026-01-26T18:26:49","date_gmt":"2026-01-26T17:26:49","guid":{"rendered":"https:\/\/paidoskids.com\/?post_type=product&#038;p=44433"},"modified":"2026-05-05T14:07:30","modified_gmt":"2026-05-05T12:07:30","slug":"joggers-tejano-elastico-cintura-ajustable","status":"publish","type":"product","link":"https:\/\/paidoskids.com\/index.php\/product\/joggers-tejano-elastico-cintura-ajustable\/","title":{"rendered":"Joggers Tejano Elastico Cintura Ajustable"},"content":{"rendered":"<p>Joggers tejano todo goma en la cintura.<br \/>\nCintura ajustable.<\/p>\n<p>Tejido bastante el\u00e1stico y muy suave.<\/p>\n<p>Encuentra los vaqueros perfectos y sorprende a tu hijo con estilos atemporales que garantizan un look moderno y libertad de movimiento.<br \/>\nEl denim es un tejido resistente disponible en varias versiones para un look \u00fanico.<br \/>\n&#8211; Tipo de producto: vaqueros de corte jogger<br \/>\n&#8211; Cierre: botones a presi\u00f3n y media bragueta falsa (tallas 80-110) o bot\u00f3n de gancho y cremallera (tallas 116-164)<br \/>\n&#8211; Bolsillos: bolsillos traseros, bolsillos delanteros<br \/>\n&#8211; Detalles adicionales: cintura ajustable, cintura el\u00e1stica, etiqueta<br \/>\n&#8211; Lavado\/acabado: abrasiones sutiles<br \/>\n&#8211; Ajuste: slim fit<br \/>\n&#8211; Atenci\u00f3n: \u00a1ADVERTENCIA! Mantener alejado del fuego<br \/>\n&#8211; Tipo de accesorio: cord\u00f3n fijo<br \/>\n&#8211; Longitud del accesorio: 13,0<br \/>\n&#8211; Composici\u00f3n del accesorio: Algod\u00f3n.<br \/>\nLeer m\u00e1s<br \/>\nG\u00e9nero: Hombre.<br \/>\nFabricaci\u00f3n: Tejido.<br \/>\nDetalle de fabricaci\u00f3n: Tejido de sarga.<br \/>\nComposici\u00f3n: 50 % algod\u00f3n, 27 % poli\u00e9ster reciclado, 20 % algod\u00f3n reciclado, 3 % elastano.<\/p>\n<p>Referencia del material exterior: 2141 | Tejido de sarga 8,26 OZ-50\/27\/20\/3-Co\/RecPl\/RecCo\/Ea-TH DENIM (ALGOD\u00d3N PEINADO)<br \/>\nFibras certificadas y de marca<br \/>\nEl material principal de este producto contiene un m\u00ednimo del 20 % de algod\u00f3n reciclado.<\/p>\n","protected":false},"excerpt":{"rendered":"<p>Joggers tejano todo goma en la cintura. Cintura ajustable. Tejido bastante el\u00e1stico y muy suave. Encuentra los vaqueros perfectos y sorprende a tu hijo con estilos atemporales que garantizan un look moderno y libertad de movimiento. El denim es un tejido resistente disponible en varias versiones para un look \u00fanico. &#8211; Tipo de producto: vaqueros [&#8230;]\n","protected":false},"featured_media":44703,"template":"","meta":{"om_disable_all_campaigns":false,"_monsterinsights_skip_tracking":false,"_monsterinsights_sitenote_active":false,"_monsterinsights_sitenote_note":"","_monsterinsights_sitenote_category":0},"product_brand":[],"product_cat":[29,10879],"product_tag":[],"class_list":{"0":"post-44433","1":"product","2":"type-product","3":"status-publish","4":"has-post-thumbnail","6":"product_cat-infantil-nino","7":"product_cat-pv2026","8":"yith_product_brand-name-it","10":"first","11":"instock","12":"sale","13":"taxable","14":"shipping-taxable","15":"purchasable","16":"product-type-variable","17":"has-default-attributes"},"aioseo_notices":[],"_links":{"self":[{"href":"https:\/\/paidoskids.com\/index.php\/wp-json\/wp\/v2\/product\/44433","targetHints":{"allow":["GET"]}}],"collection":[{"href":"https:\/\/paidoskids.com\/index.php\/wp-json\/wp\/v2\/product"}],"about":[{"href":"https:\/\/paidoskids.com\/index.php\/wp-json\/wp\/v2\/types\/product"}],"wp:featuredmedia":[{"embeddable":true,"href":"https:\/\/paidoskids.com\/index.php\/wp-json\/wp\/v2\/media\/44703"}],"wp:attachment":[{"href":"https:\/\/paidoskids.com\/index.php\/wp-json\/wp\/v2\/media?parent=44433"}],"wp:term":[{"taxonomy":"product_brand","embeddable":true,"href":"https:\/\/paidoskids.com\/index.php\/wp-json\/wp\/v2\/product_brand?post=44433"},{"taxonomy":"product_cat","embeddable":true,"href":"https:\/\/paidoskids.com\/index.php\/wp-json\/wp\/v2\/product_cat?post=44433"},{"taxonomy":"product_tag","embeddable":true,"href":"https:\/\/paidoskids.com\/index.php\/wp-json\/wp\/v2\/product_tag?post=44433"}],"curies":[{"name":"wp","href":"https:\/\/api.w.org\/{rel}","templated":true}]}}