{"id":44732,"date":"2026-01-28T11:06:18","date_gmt":"2026-01-28T10:06:18","guid":{"rendered":"https:\/\/paidoskids.com\/?post_type=product&#038;p=44732"},"modified":"2026-05-05T14:07:28","modified_gmt":"2026-05-05T12:07:28","slug":"conjunto-punto-de-bebe-nina","status":"publish","type":"product","link":"https:\/\/paidoskids.com\/index.php\/product\/conjunto-punto-de-bebe-nina\/","title":{"rendered":"Conjunto Punto De Beb\u00c9 Ni\u00d1a"},"content":{"rendered":"<p>Conjunto punto de B\u00f3boli de primeras puestas para ni\u00f1a.<\/p>\n<p>COMPOSICI\u00d3N:<\/p>\n<p>Jersey:100%algod\u00f3n<\/p>\n<p>Pantal\u00f3n:90%algod\u00f3n 10%elastano<\/p>\n<p>INSTRUCCIONES DE LAVADO:Lavar a m\u00e1quina, temperatura m\u00e1xima 30\u00ba C. No usar lej\u00eda. No se puede secar con secadora. Planchar a temperatura baja, m\u00e1ximo 110\u00ba C. No admite el lavado en seco.<\/p>\n","protected":false},"excerpt":{"rendered":"<p>Conjunto punto de B\u00f3boli de primeras puestas para ni\u00f1a. COMPOSICI\u00d3N: Jersey:100%algod\u00f3n Pantal\u00f3n:90%algod\u00f3n 10%elastano INSTRUCCIONES DE LAVADO:Lavar a m\u00e1quina, temperatura m\u00e1xima 30\u00ba C. No usar lej\u00eda. No se puede secar con secadora. Planchar a temperatura baja, m\u00e1ximo 110\u00ba C. No admite el lavado en seco.<\/p>\n","protected":false},"featured_media":45274,"template":"","meta":{"om_disable_all_campaigns":false,"_monsterinsights_skip_tracking":false,"_monsterinsights_sitenote_active":false,"_monsterinsights_sitenote_note":"","_monsterinsights_sitenote_category":0},"product_brand":[],"product_cat":[10879,26],"product_tag":[],"class_list":{"0":"post-44732","1":"product","2":"type-product","3":"status-publish","4":"has-post-thumbnail","6":"product_cat-pv2026","7":"product_cat-recien-nacida","8":"yith_product_brand-boboli","10":"first","11":"instock","12":"sale","13":"taxable","14":"shipping-taxable","15":"purchasable","16":"product-type-variable","17":"has-default-attributes"},"aioseo_notices":[],"_links":{"self":[{"href":"https:\/\/paidoskids.com\/index.php\/wp-json\/wp\/v2\/product\/44732","targetHints":{"allow":["GET"]}}],"collection":[{"href":"https:\/\/paidoskids.com\/index.php\/wp-json\/wp\/v2\/product"}],"about":[{"href":"https:\/\/paidoskids.com\/index.php\/wp-json\/wp\/v2\/types\/product"}],"wp:featuredmedia":[{"embeddable":true,"href":"https:\/\/paidoskids.com\/index.php\/wp-json\/wp\/v2\/media\/45274"}],"wp:attachment":[{"href":"https:\/\/paidoskids.com\/index.php\/wp-json\/wp\/v2\/media?parent=44732"}],"wp:term":[{"taxonomy":"product_brand","embeddable":true,"href":"https:\/\/paidoskids.com\/index.php\/wp-json\/wp\/v2\/product_brand?post=44732"},{"taxonomy":"product_cat","embeddable":true,"href":"https:\/\/paidoskids.com\/index.php\/wp-json\/wp\/v2\/product_cat?post=44732"},{"taxonomy":"product_tag","embeddable":true,"href":"https:\/\/paidoskids.com\/index.php\/wp-json\/wp\/v2\/product_tag?post=44732"}],"curies":[{"name":"wp","href":"https:\/\/api.w.org\/{rel}","templated":true}]}}