{"id":49431,"date":"2026-03-12T20:54:15","date_gmt":"2026-03-12T19:54:15","guid":{"rendered":"https:\/\/paidoskids.com\/?post_type=product&#038;p=49431"},"modified":"2026-04-18T12:15:03","modified_gmt":"2026-04-18T10:15:03","slug":"camiseta-m-c-name-it-infantil-nino","status":"publish","type":"product","link":"https:\/\/paidoskids.com\/index.php\/product\/camiseta-m-c-name-it-infantil-nino\/","title":{"rendered":"Camiseta M\/c Name It Infantil Ni\u00d1o"},"content":{"rendered":"<p>Camiseta m\/c Name It infantil ni\u00f1o.<\/p>\n<div class=\"u-mb-md\">\n<div>Renueva el armario de tu hijo con camisetas modernas, perfectas para el d\u00eda a d\u00eda y ocasiones especiales.<\/div>\n<div><\/div>\n<div>El jersey es un tejido ligero y el\u00e1stico, suave por dentro y por fuera para una mayor comodidad y libertad de movimiento.<\/div>\n<div><\/div>\n<div>&#8211; Tipo de producto: Camiseta<\/div>\n<div><\/div>\n<div>&#8211; Cuello: Redondo<\/div>\n<div><\/div>\n<div>&#8211; Manga: Corta<\/div>\n<div><\/div>\n<div>&#8211; Estampado: Fotogr\u00e1fico para un dise\u00f1o realista y detallado<\/div>\n<div><\/div>\n<div>&#8211; Corte: Regular<\/div>\n<div><\/div>\n<div>G\u00e9nero: Masculino<\/div>\n<div>Confecci\u00f3n: Punto circular<\/div>\n<div>Detalle de fabricaci\u00f3n: Jersey sencillo<\/div>\n<div>Composici\u00f3n: 100% algod\u00f3n<\/div>\n<div><\/div>\n<div>Referencia del tejido exterior: Jersey sencillo 150 g\/m\u00b2 (algod\u00f3n peinado)<\/div>\n<\/div>\n","protected":false},"excerpt":{"rendered":"<p>Camiseta m\/c Name It infantil ni\u00f1o. Renueva el armario de tu hijo con camisetas modernas, perfectas para el d\u00eda a d\u00eda y ocasiones especiales. El jersey es un tejido ligero y el\u00e1stico, suave por dentro y por fuera para una mayor comodidad y libertad de movimiento. &#8211; Tipo de producto: Camiseta &#8211; Cuello: Redondo &#8211; [&#8230;]\n","protected":false},"featured_media":49568,"template":"","meta":{"om_disable_all_campaigns":false,"_monsterinsights_skip_tracking":false,"_monsterinsights_sitenote_active":false,"_monsterinsights_sitenote_note":"","_monsterinsights_sitenote_category":0},"product_brand":[],"product_cat":[29,10879],"product_tag":[],"class_list":{"0":"post-49431","1":"product","2":"type-product","3":"status-publish","4":"has-post-thumbnail","6":"product_cat-infantil-nino","7":"product_cat-pv2026","8":"yith_product_brand-name-it","10":"first","11":"instock","12":"taxable","13":"shipping-taxable","14":"purchasable","15":"product-type-variable","16":"has-default-attributes"},"aioseo_notices":[],"_links":{"self":[{"href":"https:\/\/paidoskids.com\/index.php\/wp-json\/wp\/v2\/product\/49431","targetHints":{"allow":["GET"]}}],"collection":[{"href":"https:\/\/paidoskids.com\/index.php\/wp-json\/wp\/v2\/product"}],"about":[{"href":"https:\/\/paidoskids.com\/index.php\/wp-json\/wp\/v2\/types\/product"}],"wp:featuredmedia":[{"embeddable":true,"href":"https:\/\/paidoskids.com\/index.php\/wp-json\/wp\/v2\/media\/49568"}],"wp:attachment":[{"href":"https:\/\/paidoskids.com\/index.php\/wp-json\/wp\/v2\/media?parent=49431"}],"wp:term":[{"taxonomy":"product_brand","embeddable":true,"href":"https:\/\/paidoskids.com\/index.php\/wp-json\/wp\/v2\/product_brand?post=49431"},{"taxonomy":"product_cat","embeddable":true,"href":"https:\/\/paidoskids.com\/index.php\/wp-json\/wp\/v2\/product_cat?post=49431"},{"taxonomy":"product_tag","embeddable":true,"href":"https:\/\/paidoskids.com\/index.php\/wp-json\/wp\/v2\/product_tag?post=49431"}],"curies":[{"name":"wp","href":"https:\/\/api.w.org\/{rel}","templated":true}]}}