{"id":49519,"date":"2026-03-12T20:55:53","date_gmt":"2026-03-12T19:55:53","guid":{"rendered":"https:\/\/paidoskids.com\/?post_type=product&#038;p=49519"},"modified":"2026-04-18T19:15:40","modified_gmt":"2026-04-18T17:15:40","slug":"pantalon-largo-lino-jack-jones-chico","status":"publish","type":"product","link":"https:\/\/paidoskids.com\/index.php\/product\/pantalon-largo-lino-jack-jones-chico\/","title":{"rendered":"Pantalon Largo Lino Jack   Jones Chico"},"content":{"rendered":"<div>Pantal\u00f3n largo lino Jack &amp; Jones chico.<\/div>\n<div><\/div>\n<div>Los pantalones de lino tienen cord\u00f3n ajustable y cintura el\u00e1stica, lo que los hace s\u00faper c\u00f3modos. Vienen en una gran variedad de telas y cortes.<\/div>\n<div><\/div>\n<div>La lona es una tela resistente y robusta, caracterizada por su ligereza y facilidad de lavado.<\/div>\n<div><\/div>\n<div>Descubre el genial mundo de Jack and Jones Junior, donde la moda cobra vida con una explosi\u00f3n de energ\u00eda juvenil y un encanto vibrante. Nuestras colecciones combinan dise\u00f1os frescos, modernos y geniales, pensados \u200b\u200bpara ni\u00f1os de 8 a 16 a\u00f1os. Sum\u00e9rgete en estilos c\u00f3modos y de alta calidad que marcan tendencia en la moda infantil. Desde cortes modernos hasta un estilo contempor\u00e1neo, Jack and Jones Junior redefine la moda para ni\u00f1os de 8 a 16 a\u00f1os e incorpora el esp\u00edritu de la adultez en cada atuendo.<\/div>\n<div>&#8211; Tipo de producto: Pantal\u00f3n de corte relajado<\/div>\n<div><\/div>\n<div>&#8211; Cierre: Cord\u00f3n ajustable, cierre de cremallera<\/div>\n<div>&#8211; Cintura: Media<\/div>\n<div>&#8211; Ajuste: Corte relajado con tiro medio, muslos, rodillas y pernera holgados<\/div>\n<div><\/div>\n<div>Estilo: Informal<\/div>\n<div><\/div>\n<div>&#8211; Tipo de sujeci\u00f3n: Cord\u00f3n suelto<\/div>\n<div>&#8211; Longitud de la sujeci\u00f3n: 8,0<\/div>\n<div><\/div>\n<div>G\u00e9nero: Masculino<\/div>\n<div>Fabricaci\u00f3n: Tejido<\/div>\n<div>Detalle de fabricaci\u00f3n: Lona<\/div>\n<div>Composici\u00f3n: 80 % algod\u00f3n (algod\u00f3n trazable de alta calidad), 20 % lino<\/div>\n","protected":false},"excerpt":{"rendered":"<p>Pantal\u00f3n largo lino Jack &amp; Jones chico. Los pantalones de lino tienen cord\u00f3n ajustable y cintura el\u00e1stica, lo que los hace s\u00faper c\u00f3modos. Vienen en una gran variedad de telas y cortes. La lona es una tela resistente y robusta, caracterizada por su ligereza y facilidad de lavado. Descubre el genial mundo de Jack and [&#8230;]\n","protected":false},"featured_media":49539,"template":"","meta":{"om_disable_all_campaigns":false,"_monsterinsights_skip_tracking":false,"_monsterinsights_sitenote_active":false,"_monsterinsights_sitenote_note":"","_monsterinsights_sitenote_category":0},"product_brand":[],"product_cat":[31,10879],"product_tag":[],"class_list":{"0":"post-49519","1":"product","2":"type-product","3":"status-publish","4":"has-post-thumbnail","6":"product_cat-chico","7":"product_cat-pv2026","8":"yith_product_brand-jack-jones","10":"first","11":"instock","12":"sale","13":"taxable","14":"shipping-taxable","15":"purchasable","16":"product-type-variable","17":"has-default-attributes"},"aioseo_notices":[],"_links":{"self":[{"href":"https:\/\/paidoskids.com\/index.php\/wp-json\/wp\/v2\/product\/49519","targetHints":{"allow":["GET"]}}],"collection":[{"href":"https:\/\/paidoskids.com\/index.php\/wp-json\/wp\/v2\/product"}],"about":[{"href":"https:\/\/paidoskids.com\/index.php\/wp-json\/wp\/v2\/types\/product"}],"wp:featuredmedia":[{"embeddable":true,"href":"https:\/\/paidoskids.com\/index.php\/wp-json\/wp\/v2\/media\/49539"}],"wp:attachment":[{"href":"https:\/\/paidoskids.com\/index.php\/wp-json\/wp\/v2\/media?parent=49519"}],"wp:term":[{"taxonomy":"product_brand","embeddable":true,"href":"https:\/\/paidoskids.com\/index.php\/wp-json\/wp\/v2\/product_brand?post=49519"},{"taxonomy":"product_cat","embeddable":true,"href":"https:\/\/paidoskids.com\/index.php\/wp-json\/wp\/v2\/product_cat?post=49519"},{"taxonomy":"product_tag","embeddable":true,"href":"https:\/\/paidoskids.com\/index.php\/wp-json\/wp\/v2\/product_tag?post=49519"}],"curies":[{"name":"wp","href":"https:\/\/api.w.org\/{rel}","templated":true}]}}